s divided by s(x)?
15
Let l = 674 - 654. What is the remainder when 499 is divided by l?
19
Let l = 290 + -146. What is the remainder when l is divided by 37?
33
Let y = 11 - 30. Let j = y - -30. Calculate the remainder when (3 + (0 - -1))*(-2394)/(-228) is divided by j.
9
Let q(f) = 22*f - 12. Let r(y) = -2*y - 2. Calculate the remainder when q(1) is divided by r(-3).
2
Suppose 650*z - 25260 = 638*z. Calculate the remainder when z is divided by 19.
15
Suppose -5*h + 69 = -111. Suppose -2*j + 80 = -3*v, 4*j - 120 = -v - 3*v. What is the remainder when h is divided by (-334)/(-26) - j/(-221)?
10
Suppose -5*t = -5, 0 = 2*b - 4*b + 2*t - 2. Suppose b*v = -4*v + 104. Suppose 3*z + 3 = 0, z = 5*n + 5*z - v. Calculate the remainder when 20 is divided by n.
2
Calculate the remainder when ((-3201)/66)/(1/(-2)*1) is divided by 32.
1
Let f be (-1 - 3)/((-2)/(-3)). Let m = f - -18. Suppose 11 = 5*c - 159. Calculate the remainder when c is divided by m.
10
Suppose 29*z - 340 = 25*z. Let j(d) = 11*d - 4. Calculate the remainder when z is divided by j(3).
27
Suppose -2*y = -3*a - 190 + 69, 4*y - 247 = a. Suppose 0 = -4*p - 26 + 90. What is the remainder when y is divided by p?
14
Let h(a) = -a + 8. Suppose -180 = -13*i + 522. What is the remainder when i is divided by h(-6)?
12
Let j(k) = 10*k - 524. What is the remainder when j(57) is divided by 42?
4
Let o = -31 - -33. Suppose -4*a = -4*l - 24 - 60, -38 = -o*a + l. Calculate the remainder when 49 is divided by a.
15
Suppose 2*x + 22 = o + 6*x, 3*x = 2*o - 88. Calculate the remainder when 296 is divided by o.
30
Let b = 102 + -70. Suppose -16 = -2*o + 8. Calculate the remainder when b is divided by o.
8
Let s = 176 - 32. Calculate the remainder when s is divided by 21.
18
Let u = 23 + -14. Let g = 31 - 28. Suppose g = -2*q + u. What is the remainder when q is divided by 2?
1
Let f(w) = -w + 4. Let v be f(3). Suppose -4 = -3*t - 4*d - 1, -t = -4*d - v. Suppose l - 2 = t. What is the remainder when 9 is divided by l?
0
Let o = 633 + -300. Suppose -24*h - o = -33*h. Calculate the remainder when h is divided by 1 + -2 + 1 + 19.
18
Suppose 4*t - 3*m - m = -16, -20 = -5*m. Suppose 3 + t = d. Let c(x) = -x**3 - 4*x**2 - 4*x - 1. What is the remainder when c(-4) is divided by d?
0
Calculate the remainder when (23712/(-16))/((-8)/4) is divided by 93.
90
Let d be ((-1)/(-1))/((-2)/(-10)). Suppose 0*m = -d*m - 3*r + 673, -138 = -m - 4*r. What is the remainder when m is divided by 27?
26
Suppose 4*w - 4*h = 168, w - 3*h - h = 48. Suppose -42*p + w = -40*p. Calculate the remainder when p is divided by 12.
8
What is the remainder when 5/(-20)*1 - 826/(-8) is divided by 35?
33
Suppose 5*m - 20 = 0, 0 = -2*k + k + 3*m. Let c = -7 + k. Suppose -4*q = -0 - 4, -2*q - 28 = -c*u. What is the remainder when 11 is divided by u?
5
Let z(r) = r**2 - 120*r - 2785. Suppose 2*n = -3*y + 566, -4*n + 738 = 4*y - 10. Calculate the remainder when y is divided by z(-20).
12
Let l = 419 + -397. What is the remainder when 461 is divided by l?
21
Let w be (6 - 26/(-2)) + 3 + -1. Calculate the remainder when 50 is divided by (-1 + -6)*(-25 + w).
22
Let i = 9 - -4. Calculate the remainder when 10/30*-5*-12 is divided by i.
7
Let o = -35 + 57. What is the remainder when 1245/9*(-18)/(-30) is divided by o?
17
Let m = 119 + 59. Calculate the remainder when m is divided by 32.
18
Let d be 6/(-7)*(-14)/4. Suppose 5*t - 3*h = -0*t + 526, 4*t + d*h = 437. What is the remainder when t is divided by -1*(-1 + -1) + 25?
26
Suppose -4*v = -2*q + 124, 3*q - v - 157 = 19. Suppose 2*l - 4*g = -656, 809 = -4*l + 3*g - 478. What is the remainder when q is divided by (-1)/(-8) + l/(-16)?
18
Suppose 0 = -4*i + 90 + 78. Let s be (i/9)/((-4)/(-18)). Calculate the remainder when 9/21 - (-1482)/s is divided by 18.
17
Let q = 24 + -9. Let b(r) = -21*r**3 + r. Let c be b(-1). Let j = c + q. What is the remainder when j is divided by 12?
11
Let o = -1188 + 1226. Suppose 5*n - 5*h = -2*h + 362, -2*n + 2*h = -144. Calculate the remainder when n is divided by o.
35
Suppose 5*b - 4*g = -22, 5*g - 3 - 6 = -3*b. Let r be 458 + (b + 14)/3. Suppose 5*k + 77 = r. Calculate the remainder when k is divided by 39.
38
Suppose -8*l - 187 = 8*l - 939. Let n(r) = -r**3 + 6*r**2 - 4*r. What is the remainder when l is divided by n(5)?
2
Suppose 4522 = 15*i + 23*i. Calculate the remainder when 461 is divided by i.
104
Let v = -195 - -821. What is the remainder when v is divided by 90?
86
Let w(b) = -4027*b**3 - b**2 - b - 2. Calculate the remainder when w(-1) is divided by 19.
16
Suppose 0 = 2*r - 1 - 7. Suppose -3*u + r = -2*u. Suppose u*q - 30 - 14 = 0. What is the remainder when 31 is divided by q?
9
Let g(k) = -k**3 + 30*k**2 + 67*k - 51. What is the remainder when 177 is divided by g(32)?
42
Let t(z) = 35*z - 116. Calculate the remainder when 139 is divided by t(4).
19
Let h = 396 + -388. Let i = -3 - -3. Suppose i = 5*s - 2*s - 87. What is the remainder when s is divided by h?
5
Let k = 198 - 66. Calculate the remainder when k is divided by 36.
24
Suppose -53 = -y + 44. Calculate the remainder when y is divided by 15.
7
Let y = 659 + -645. Calculate the remainder when 154 is divided by y.
0
Suppose 4*g + 2*w = -w + 1435, -g + 5*w = -330. What is the remainder when g is divided by 30?
25
Let n(g) = -8*g - 30. Let b(k) = k**2 + 4*k - 6. Let q be b(-4). Calculate the remainder when 66 is divided by n(q).
12
Suppose 5*m - 67 = 4*r, -5*r + 5*m - 54 - 31 = 0. Let t be (-209)/(-9) - (-4)/r. Let v = t - 16. What is the remainder when 12 is divided by v?
5
Suppose 2*z = -z - 3. Let r be ((-3)/z)/(4/(-4)). What is the remainder when (-2 + (-12)/(-9))*r is divided by 2?
0
Suppose 3*j + 2*g - 41 = 0, 4*g + 14 + 24 = 2*j. What is the remainder when 103 is divided by j?
13
Calculate the remainder when (-20)/15*195/(-4) is divided by 12.
5
Let l = -914 + 929. Calculate the remainder when 90 is divided by l.
0
Suppose -3*s = -4*s + 71. Suppose -s = -5*k + 4*k. What is the remainder when k is divided by 25?
21
Let t(d) = d**2 + 10*d - 14. Let l be t(-12). Calculate the remainder when 206/l + 34/85 is divided by 6.
3
Suppose -64*w + 75 = -61*w. Suppose -4*d + d = 2*v - 27, 33 = 3*v - 3*d. Let y = v - 3. Calculate the remainder when w is divided by y.
7
Suppose -4*a + 128 = -4*l, 14*l - 128 = -3*a + 9*l. What is the remainder when 352 is divided by a?
28
Let x be ((-248)/3 - 10/(-15))*1. Let y = x + 106. Calculate the remainder when y is divided by 7.
3
Let m = 299 - 275. Calculate the remainder when 380 is divided by m.
20
Let z(v) = 13*v**2 - 111*v + 20. What is the remainder when z(9) is divided by ((-3)/(-2))/(2/20)?
14
Let j = -488 - -498. What is the remainder when 139 is divided by j?
9
Let p(b) = -2*b**2 + 24*b - 17. What is the remainder when p(10) is divided by 8?
7
Calculate the remainder when (-416)/(-10) + 115/(-25) + 5 is divided by (-2)/8 - (2 - 90/8).
6
Let x = 138 + -109. Let q = x - -28. Calculate the remainder when q is divided by 30.
27
Suppose -47 = -11*o - 245. What is the remainder when (-295)/(-9) - 4/o is divided by 12?
9
Let f = 8 - -5. Suppose -g + 13 = -f. Calculate the remainder when g is divided by (-168)/(-18) - 1/3.
8
Let b = 62 + 137. What is the remainder when b is divided by 100?
99
Suppose 3*a - 20 = 5*m, -6 + 16 = a - 5*m. Suppose a*w = 14 + 31. What is the remainder when 53 is divided by w?
8
Let k(i) = i**2 - 2*i - 4. Let g(l) = -2*l**2 + 37*l - 9. Let j be g(16). Let p = j - 65. What is the remainder when k(5) is divided by p?
5
Suppose 2*z - 1020 = -4*r, -12*z - 5*r + 1024 = -10*z. Calculate the remainder when z is divided by 24.
22
Suppose -475 = -0*a + 5*a. Let m = -50 - a. Calculate the remainder when m is divided by 69/3 + 0/(-1).
22
Suppose 1109*p - 4*q + 80 = 1111*p, 5*p + 3*q = 221. Let o(u) = u**2 - 2*u + 1. Calculate the remainder when p is divided by o(5).
14
Let q(u) = -30*u + 5. Let a be q(-7). Suppose 0*j = -3*j - 2*g + 144, -a = -4*j + 5*g. What is the remainder when j is divided by 27?
23
Let x(y) = -y**3 - 2*y**2 + y + 4. Let j be x(-3). Suppose -7*b - 12 = -j*b. What is the remainder when 6 is divided by b?
2
Let s = 3471 - 2432. What is the remainder when s is divided by 40?
39
Suppose 26*g - 72 = 30*g. Let b = g + 33. Let n = -21 + 50. 